{"id":350,"date":"2024-12-03T13:24:17","date_gmt":"2024-12-03T12:24:17","guid":{"rendered":"https:\/\/quatuordessacres.fr\/?page_id=350"},"modified":"2025-08-12T10:37:37","modified_gmt":"2025-08-12T08:37:37","slug":"concerts","status":"publish","type":"page","link":"https:\/\/quatuordessacres.fr\/index.php\/concerts\/","title":{"rendered":"Nos concerts \u00e0 venir"},"content":{"rendered":"\n<div class=\"wp-block-group alignfull is-horizontal is-content-justification-center is-layout-flex wp-container-core-group-is-layout-5cc3f26a wp-block-group-is-layout-flex\" style=\"padding-top:var(--wp--preset--spacing--50);padding-right:var(--wp--preset--spacing--50);padding-bottom:var(--wp--preset--spacing--50);padding-left:var(--wp--preset--spacing--50)\">\n<figure class=\"wp-block-image size-large is-resized\"><img loading=\"lazy\" decoding=\"async\" width=\"731\" height=\"1024\" src=\"https:\/\/quatuordessacres.fr\/wp-content\/uploads\/2025\/08\/affiche-quatuor-des-sacres_page-0001-731x1024.jpg\" alt=\"\" class=\"wp-image-378\" style=\"width:518px;height:auto\" srcset=\"https:\/\/quatuordessacres.fr\/wp-content\/uploads\/2025\/08\/affiche-quatuor-des-sacres_page-0001-731x1024.jpg 731w, https:\/\/quatuordessacres.fr\/wp-content\/uploads\/2025\/08\/affiche-quatuor-des-sacres_page-0001-214x300.jpg 214w, https:\/\/quatuordessacres.fr\/wp-content\/uploads\/2025\/08\/affiche-quatuor-des-sacres_page-0001-768x1076.jpg 768w, https:\/\/quatuordessacres.fr\/wp-content\/uploads\/2025\/08\/affiche-quatuor-des-sacres_page-0001-1096x1536.jpg 1096w, https:\/\/quatuordessacres.fr\/wp-content\/uploads\/2025\/08\/affiche-quatuor-des-sacres_page-0001-1462x2048.jpg 1462w, https:\/\/quatuordessacres.fr\/wp-content\/uploads\/2025\/08\/affiche-quatuor-des-sacres_page-0001.jpg 1813w\" sizes=\"auto, (max-width: 731px) 100vw, 731px\" \/><\/figure>\n\n\n\n<figure class=\"wp-block-image size-full is-resized\"><img loading=\"lazy\" decoding=\"async\" width=\"739\" height=\"1024\" src=\"https:\/\/quatuordessacres.fr\/wp-content\/uploads\/2025\/06\/1750780068737-e56f6aae-fc24-4fd8-8b30-dbd3e0eec0ac_1.jpg\" alt=\"\" class=\"wp-image-374\" style=\"width:524px;height:auto\" srcset=\"https:\/\/quatuordessacres.fr\/wp-content\/uploads\/2025\/06\/1750780068737-e56f6aae-fc24-4fd8-8b30-dbd3e0eec0ac_1.jpg 739w, https:\/\/quatuordessacres.fr\/wp-content\/uploads\/2025\/06\/1750780068737-e56f6aae-fc24-4fd8-8b30-dbd3e0eec0ac_1-217x300.jpg 217w\" sizes=\"auto, (max-width: 739px) 100vw, 739px\" \/><\/figure>\n\n\n\n<figure class=\"wp-block-image size-full is-resized\"><img loading=\"lazy\" decoding=\"async\" width=\"724\" height=\"1024\" src=\"https:\/\/quatuordessacres.fr\/wp-content\/uploads\/2025\/06\/1749744855054-b8f48676-b8de-468a-b6bd-425bbdd1697f_1.jpg\" alt=\"\" class=\"wp-image-370\" style=\"width:512px;height:auto\" srcset=\"https:\/\/quatuordessacres.fr\/wp-content\/uploads\/2025\/06\/1749744855054-b8f48676-b8de-468a-b6bd-425bbdd1697f_1.jpg 724w, https:\/\/quatuordessacres.fr\/wp-content\/uploads\/2025\/06\/1749744855054-b8f48676-b8de-468a-b6bd-425bbdd1697f_1-212x300.jpg 212w\" sizes=\"auto, (max-width: 724px) 100vw, 724px\" \/><\/figure>\n\n\n\n<figure class=\"wp-block-image size-full is-resized\"><img loading=\"lazy\" decoding=\"async\" width=\"724\" height=\"1024\" src=\"https:\/\/quatuordessacres.fr\/wp-content\/uploads\/2025\/06\/1748887495474-7a10e2d0-f473-4235-9533-753eb6bd5604_1.jpg\" alt=\"\" class=\"wp-image-366\" style=\"width:512px;height:auto\" srcset=\"https:\/\/quatuordessacres.fr\/wp-content\/uploads\/2025\/06\/1748887495474-7a10e2d0-f473-4235-9533-753eb6bd5604_1.jpg 724w, https:\/\/quatuordessacres.fr\/wp-content\/uploads\/2025\/06\/1748887495474-7a10e2d0-f473-4235-9533-753eb6bd5604_1-212x300.jpg 212w\" sizes=\"auto, (max-width: 724px) 100vw, 724px\" \/><\/figure>\n\n\n\n<figure class=\"wp-block-image size-full is-resized\"><img loading=\"lazy\" decoding=\"async\" width=\"724\" height=\"1024\" src=\"https:\/\/quatuordessacres.fr\/wp-content\/uploads\/2024\/12\/IMG_4007-1.jpg\" alt=\"\" class=\"wp-image-355\" style=\"width:511px;height:auto\" srcset=\"https:\/\/quatuordessacres.fr\/wp-content\/uploads\/2024\/12\/IMG_4007-1.jpg 724w, https:\/\/quatuordessacres.fr\/wp-content\/uploads\/2024\/12\/IMG_4007-1-212x300.jpg 212w\" sizes=\"auto, (max-width: 724px) 100vw, 724px\" \/><\/figure>\n\n\n\n<figure class=\"wp-block-image size-full is-resized\"><a href=\"https:\/\/www.helloasso.com\/associations\/quatuor-des-sacres\/evenements\/quatuor-des-sacres\"><img loading=\"lazy\" decoding=\"async\" width=\"402\" height=\"572\" src=\"https:\/\/quatuordessacres.fr\/wp-content\/uploads\/2024\/12\/IMG_3560-copie.jpg\" alt=\"\" class=\"wp-image-356\" style=\"width:509px;height:auto\" srcset=\"https:\/\/quatuordessacres.fr\/wp-content\/uploads\/2024\/12\/IMG_3560-copie.jpg 402w, https:\/\/quatuordessacres.fr\/wp-content\/uploads\/2024\/12\/IMG_3560-copie-211x300.jpg 211w\" sizes=\"auto, (max-width: 402px) 100vw, 402px\" \/><\/a><\/figure>\n<\/div>\n\n\n\n<p><\/p>\n","protected":false},"excerpt":{"rendered":"","protected":false},"author":1,"featured_media":0,"parent":0,"menu_order":0,"comment_status":"closed","ping_status":"closed","template":"","meta":{"footnotes":""},"class_list":["post-350","page","type-page","status-publish","hentry"],"yoast_head":"<!-- This site is optimized with the Yoast SEO plugin v22.9 - https:\/\/yoast.com\/wordpress\/plugins\/seo\/ -->\n<title>Nos concerts \u00e0 venir - Quatuor des Sacres<\/title>\n<meta name=\"robots\" content=\"index, follow, max-snippet:-1, max-image-preview:large, max-video-preview:-1\" \/>\n<link rel=\"canonical\" href=\"https:\/\/quatuordessacres.fr\/index.php\/concerts\/\" \/>\n<meta property=\"og:locale\" content=\"fr_FR\" \/>\n<meta property=\"og:type\" content=\"article\" \/>\n<meta property=\"og:title\" content=\"Nos concerts \u00e0 venir - Quatuor des Sacres\" \/>\n<meta property=\"og:url\" content=\"https:\/\/quatuordessacres.fr\/index.php\/concerts\/\" \/>\n<meta property=\"og:site_name\" content=\"Quatuor des Sacres\" \/>\n<meta property=\"article:publisher\" content=\"https:\/\/www.facebook.com\/profile.php?id=61559301540954\" \/>\n<meta property=\"article:modified_time\" content=\"2025-08-12T08:37:37+00:00\" \/>\n<meta property=\"og:image\" content=\"https:\/\/quatuordessacres.fr\/wp-content\/uploads\/2025\/08\/affiche-quatuor-des-sacres_page-0001-731x1024.jpg\" \/>\n<meta name=\"twitter:card\" content=\"summary_large_image\" \/>\n<meta name=\"twitter:label1\" content=\"Dur\u00e9e de lecture estim\u00e9e\" \/>\n\t<meta name=\"twitter:data1\" content=\"2 minutes\" \/>\n<script type=\"application\/ld+json\" class=\"yoast-schema-graph\">{\"@context\":\"https:\/\/schema.org\",\"@graph\":[{\"@type\":\"WebPage\",\"@id\":\"https:\/\/quatuordessacres.fr\/index.php\/concerts\/\",\"url\":\"https:\/\/quatuordessacres.fr\/index.php\/concerts\/\",\"name\":\"Nos concerts \u00e0 venir - Quatuor des Sacres\",\"isPartOf\":{\"@id\":\"https:\/\/quatuordessacres.fr\/#website\"},\"primaryImageOfPage\":{\"@id\":\"https:\/\/quatuordessacres.fr\/index.php\/concerts\/#primaryimage\"},\"image\":{\"@id\":\"https:\/\/quatuordessacres.fr\/index.php\/concerts\/#primaryimage\"},\"thumbnailUrl\":\"https:\/\/quatuordessacres.fr\/wp-content\/uploads\/2025\/08\/affiche-quatuor-des-sacres_page-0001-731x1024.jpg\",\"datePublished\":\"2024-12-03T12:24:17+00:00\",\"dateModified\":\"2025-08-12T08:37:37+00:00\",\"breadcrumb\":{\"@id\":\"https:\/\/quatuordessacres.fr\/index.php\/concerts\/#breadcrumb\"},\"inLanguage\":\"fr-FR\",\"potentialAction\":[{\"@type\":\"ReadAction\",\"target\":[\"https:\/\/quatuordessacres.fr\/index.php\/concerts\/\"]}]},{\"@type\":\"ImageObject\",\"inLanguage\":\"fr-FR\",\"@id\":\"https:\/\/quatuordessacres.fr\/index.php\/concerts\/#primaryimage\",\"url\":\"https:\/\/quatuordessacres.fr\/wp-content\/uploads\/2025\/08\/affiche-quatuor-des-sacres_page-0001.jpg\",\"contentUrl\":\"https:\/\/quatuordessacres.fr\/wp-content\/uploads\/2025\/08\/affiche-quatuor-des-sacres_page-0001.jpg\",\"width\":1813,\"height\":2540},{\"@type\":\"BreadcrumbList\",\"@id\":\"https:\/\/quatuordessacres.fr\/index.php\/concerts\/#breadcrumb\",\"itemListElement\":[{\"@type\":\"ListItem\",\"position\":1,\"name\":\"Accueil\",\"item\":\"https:\/\/quatuordessacres.fr\/\"},{\"@type\":\"ListItem\",\"position\":2,\"name\":\"Nos concerts \u00e0 venir\"}]},{\"@type\":\"WebSite\",\"@id\":\"https:\/\/quatuordessacres.fr\/#website\",\"url\":\"https:\/\/quatuordessacres.fr\/\",\"name\":\"Quatuor des Sacres\",\"description\":\"Quatuor \u00e0 cordes pour vos \u00e9v\u00e8nements\",\"publisher\":{\"@id\":\"https:\/\/quatuordessacres.fr\/#organization\"},\"potentialAction\":[{\"@type\":\"SearchAction\",\"target\":{\"@type\":\"EntryPoint\",\"urlTemplate\":\"https:\/\/quatuordessacres.fr\/?s={search_term_string}\"},\"query-input\":\"required name=search_term_string\"}],\"inLanguage\":\"fr-FR\"},{\"@type\":\"Organization\",\"@id\":\"https:\/\/quatuordessacres.fr\/#organization\",\"name\":\"Quatuor des Sacres\",\"url\":\"https:\/\/quatuordessacres.fr\/\",\"logo\":{\"@type\":\"ImageObject\",\"inLanguage\":\"fr-FR\",\"@id\":\"https:\/\/quatuordessacres.fr\/#\/schema\/logo\/image\/\",\"url\":\"https:\/\/quatuordessacres.fr\/wp-content\/uploads\/2024\/06\/logo-edited.png\",\"contentUrl\":\"https:\/\/quatuordessacres.fr\/wp-content\/uploads\/2024\/06\/logo-edited.png\",\"width\":3508,\"height\":3508,\"caption\":\"Quatuor des Sacres\"},\"image\":{\"@id\":\"https:\/\/quatuordessacres.fr\/#\/schema\/logo\/image\/\"},\"sameAs\":[\"https:\/\/www.facebook.com\/profile.php?id=61559301540954\",\"https:\/\/www.instagram.com\/quatuorsacres\/\",\"https:\/\/www.youtube.com\/@Quatuordessacres\"]}]}<\/script>\n<!-- \/ Yoast SEO plugin. -->","yoast_head_json":{"title":"Nos concerts \u00e0 venir - Quatuor des Sacres","robots":{"index":"index","follow":"follow","max-snippet":"max-snippet:-1","max-image-preview":"max-image-preview:large","max-video-preview":"max-video-preview:-1"},"canonical":"https:\/\/quatuordessacres.fr\/index.php\/concerts\/","og_locale":"fr_FR","og_type":"article","og_title":"Nos concerts \u00e0 venir - Quatuor des Sacres","og_url":"https:\/\/quatuordessacres.fr\/index.php\/concerts\/","og_site_name":"Quatuor des Sacres","article_publisher":"https:\/\/www.facebook.com\/profile.php?id=61559301540954","article_modified_time":"2025-08-12T08:37:37+00:00","og_image":[{"url":"https:\/\/quatuordessacres.fr\/wp-content\/uploads\/2025\/08\/affiche-quatuor-des-sacres_page-0001-731x1024.jpg"}],"twitter_card":"summary_large_image","twitter_misc":{"Dur\u00e9e de lecture estim\u00e9e":"2 minutes"},"schema":{"@context":"https:\/\/schema.org","@graph":[{"@type":"WebPage","@id":"https:\/\/quatuordessacres.fr\/index.php\/concerts\/","url":"https:\/\/quatuordessacres.fr\/index.php\/concerts\/","name":"Nos concerts \u00e0 venir - Quatuor des Sacres","isPartOf":{"@id":"https:\/\/quatuordessacres.fr\/#website"},"primaryImageOfPage":{"@id":"https:\/\/quatuordessacres.fr\/index.php\/concerts\/#primaryimage"},"image":{"@id":"https:\/\/quatuordessacres.fr\/index.php\/concerts\/#primaryimage"},"thumbnailUrl":"https:\/\/quatuordessacres.fr\/wp-content\/uploads\/2025\/08\/affiche-quatuor-des-sacres_page-0001-731x1024.jpg","datePublished":"2024-12-03T12:24:17+00:00","dateModified":"2025-08-12T08:37:37+00:00","breadcrumb":{"@id":"https:\/\/quatuordessacres.fr\/index.php\/concerts\/#breadcrumb"},"inLanguage":"fr-FR","potentialAction":[{"@type":"ReadAction","target":["https:\/\/quatuordessacres.fr\/index.php\/concerts\/"]}]},{"@type":"ImageObject","inLanguage":"fr-FR","@id":"https:\/\/quatuordessacres.fr\/index.php\/concerts\/#primaryimage","url":"https:\/\/quatuordessacres.fr\/wp-content\/uploads\/2025\/08\/affiche-quatuor-des-sacres_page-0001.jpg","contentUrl":"https:\/\/quatuordessacres.fr\/wp-content\/uploads\/2025\/08\/affiche-quatuor-des-sacres_page-0001.jpg","width":1813,"height":2540},{"@type":"BreadcrumbList","@id":"https:\/\/quatuordessacres.fr\/index.php\/concerts\/#breadcrumb","itemListElement":[{"@type":"ListItem","position":1,"name":"Accueil","item":"https:\/\/quatuordessacres.fr\/"},{"@type":"ListItem","position":2,"name":"Nos concerts \u00e0 venir"}]},{"@type":"WebSite","@id":"https:\/\/quatuordessacres.fr\/#website","url":"https:\/\/quatuordessacres.fr\/","name":"Quatuor des Sacres","description":"Quatuor \u00e0 cordes pour vos \u00e9v\u00e8nements","publisher":{"@id":"https:\/\/quatuordessacres.fr\/#organization"},"potentialAction":[{"@type":"SearchAction","target":{"@type":"EntryPoint","urlTemplate":"https:\/\/quatuordessacres.fr\/?s={search_term_string}"},"query-input":"required name=search_term_string"}],"inLanguage":"fr-FR"},{"@type":"Organization","@id":"https:\/\/quatuordessacres.fr\/#organization","name":"Quatuor des Sacres","url":"https:\/\/quatuordessacres.fr\/","logo":{"@type":"ImageObject","inLanguage":"fr-FR","@id":"https:\/\/quatuordessacres.fr\/#\/schema\/logo\/image\/","url":"https:\/\/quatuordessacres.fr\/wp-content\/uploads\/2024\/06\/logo-edited.png","contentUrl":"https:\/\/quatuordessacres.fr\/wp-content\/uploads\/2024\/06\/logo-edited.png","width":3508,"height":3508,"caption":"Quatuor des Sacres"},"image":{"@id":"https:\/\/quatuordessacres.fr\/#\/schema\/logo\/image\/"},"sameAs":["https:\/\/www.facebook.com\/profile.php?id=61559301540954","https:\/\/www.instagram.com\/quatuorsacres\/","https:\/\/www.youtube.com\/@Quatuordessacres"]}]}},"_links":{"self":[{"href":"https:\/\/quatuordessacres.fr\/index.php\/wp-json\/wp\/v2\/pages\/350","targetHints":{"allow":["GET"]}}],"collection":[{"href":"https:\/\/quatuordessacres.fr\/index.php\/wp-json\/wp\/v2\/pages"}],"about":[{"href":"https:\/\/quatuordessacres.fr\/index.php\/wp-json\/wp\/v2\/types\/page"}],"author":[{"embeddable":true,"href":"https:\/\/quatuordessacres.fr\/index.php\/wp-json\/wp\/v2\/users\/1"}],"replies":[{"embeddable":true,"href":"https:\/\/quatuordessacres.fr\/index.php\/wp-json\/wp\/v2\/comments?post=350"}],"version-history":[{"count":7,"href":"https:\/\/quatuordessacres.fr\/index.php\/wp-json\/wp\/v2\/pages\/350\/revisions"}],"predecessor-version":[{"id":379,"href":"https:\/\/quatuordessacres.fr\/index.php\/wp-json\/wp\/v2\/pages\/350\/revisions\/379"}],"wp:attachment":[{"href":"https:\/\/quatuordessacres.fr\/index.php\/wp-json\/wp\/v2\/media?parent=350"}],"curies":[{"name":"wp","href":"https:\/\/api.w.org\/{rel}","templated":true}]}}